{"id":111,"date":"2025-10-08T15:57:48","date_gmt":"2025-10-08T15:57:48","guid":{"rendered":"https:\/\/www.laboratorijapaster.rs\/shop\/?post_type=product&#038;p=111"},"modified":"2025-10-08T15:57:48","modified_gmt":"2025-10-08T15:57:48","slug":"altea","status":"publish","type":"product","link":"https:\/\/www.laboratorijapaster.rs\/shop\/\u043f\u0440\u043e\u0438\u0437\u0432\u043e\u0434\/altea\/","title":{"rendered":"Altea"},"content":{"rendered":"<p class=\"text-body font-regular leading-[24px] pt-[9px] pb-xxs\" dir=\"ltr\"><span>Altea je biljni \u010daj protiv zavisnosti od alkohola. To nije lek u klasi\u010dnom smislu, ve\u0107 dijetetski suplement u vidu \u010dajne me\u0161avine. Njegova svrha je da, kroz sinergiju prirodnih sastojaka, stvori averziju prema alkoholu, smanji \u017eudnju i pomogne telu da se oporavi od negativnih posledica dugotrajne konzumacije. Namenjen je svima koji su doneli odluku da se oslobode zavisnosti, ali im je potrebna dodatna, prirodna podr\u0161ka kako bi istrajali u toj odluci.<\/span><\/p>\n<h2 class=\"font-semibold pdf-heading-class-replace text-h3 leading-[40px] pb-xxs [&amp;:not(:first-child)]:pt-[21px] [&amp;_a]:underline-offset-[6px] [&amp;_.underline]:underline-offset-[6px]\" dir=\"ltr\"><span>Kako funkcioni\u0161e Altea?<\/span><\/h2>\n<p class=\"text-body font-regular leading-[24px] pt-[9px] pb-xxs\" dir=\"ltr\"><span>Delovanje Altea \u010daja zasniva se na vi\u0161estrukom pristupu problemu alkoholizma. Prvo, aktivni sastojci u \u010daju uti\u010du na receptore u mozgu, smanjuju\u0107i ose\u0107aj zadovoljstva koji alkohol pru\u017ea. Ovo postepeno dovodi do smanjenja \u017eelje za pi\u0107em. Drugo, \u010daj pokre\u0107e proces detoksikacije, poma\u017eu\u0107i jetri i drugim organima da efikasnije izbace nakupljene toksine. Na kraju, biljna me\u0161avina ima umiruju\u0107e dejstvo na nervni sistem, \u0161to poma\u017ee u ubla\u017eavanju anksioznosti, nervoze i nesanice \u2013 \u010destih pratilaca perioda odvikavanja.<\/span><\/p>\n<h2 class=\"font-semibold pdf-heading-class-replace text-h3 leading-[40px] pb-xxs [&amp;:not(:first-child)]:pt-[21px] [&amp;_a]:underline-offset-[6px] [&amp;_.underline]:underline-offset-[6px]\" dir=\"ltr\"><span>Altea &#8211; Sastav i sastojci<\/span><\/h2>\n<p class=\"text-body font-regular leading-[24px] pt-[9px] pb-xxs\" dir=\"ltr\"><span>Snaga Altea \u010daja le\u017ei u njegovoj jedinstvenoj biljnoj formuli. Svaki sastojak je pa\u017eljivo odabran zbog svojih dokazanih svojstava u borbi protiv zavisnosti i podr\u0161ci organizmu.<\/span><\/p>\n<ul class=\"pt-[9px] pb-xxs pl-5xl list-disc pt-[5px]\">\n<li value=\"1\" class=\"text-body font-regular leading-[24px] my-[5px] [&amp;&gt;ol]:!pt-0 [&amp;&gt;ol]:!pb-0 [&amp;&gt;ul]:!pt-0 [&amp;&gt;ul]:!pb-0\" dir=\"ltr\"><b><strong class=\"font-semibold\">Koren Belog Sleza (Althaea officinalis):<\/strong><\/b><span> Poznat po svojim umiruju\u0107im svojstvima, beli slez obla\u017ee sluzoko\u017eu \u017eeluca, smanjuju\u0107i iritaciju izazvanu alkoholom i pobolj\u0161avaju\u0107i varenje. Tako\u0111e poma\u017ee u smirivanju nervnog sistema.<\/span><\/li>\n<li value=\"2\" class=\"text-body font-regular leading-[24px] my-[5px] [&amp;&gt;ol]:!pt-0 [&amp;&gt;ol]:!pb-0 [&amp;&gt;ul]:!pt-0 [&amp;&gt;ul]:!pb-0\" dir=\"ltr\"><b><strong class=\"font-semibold\">Maj\u010dina Du\u0161ica (Thymus serpyllum):<\/strong><\/b><span> Ova biljka je cenjena zbog svojih antisepti\u010dkih i detoksikacionih svojstava. Poma\u017ee u \u010di\u0161\u0107enju organizma od toksina i podr\u017eava zdravlje respiratornog sistema. Neki tradicionalni izvori navode da mo\u017ee izazvati blagu mu\u010dninu u kombinaciji sa alkoholom, stvaraju\u0107i tako averziju.<\/span><\/li>\n<li value=\"3\" class=\"text-body font-regular leading-[24px] my-[5px] [&amp;&gt;ol]:!pt-0 [&amp;&gt;ol]:!pb-0 [&amp;&gt;ul]:!pt-0 [&amp;&gt;ul]:!pb-0\" dir=\"ltr\"><b><strong class=\"font-semibold\">Kantarion (Hypericum perforatum):<\/strong><\/b><span> Poznat kao prirodni antidepresiv, kantarion poma\u017ee u stabilizaciji raspolo\u017eenja, smanjenju anksioznosti i depresije koji se \u010desto javljaju tokom odvikavanja.<\/span><\/li>\n<li value=\"4\" class=\"text-body font-regular leading-[24px] my-[5px] [&amp;&gt;ol]:!pt-0 [&amp;&gt;ol]:!pb-0 [&amp;&gt;ul]:!pt-0 [&amp;&gt;ul]:!pb-0\" dir=\"ltr\"><b><strong class=\"font-semibold\">Hajdu\u010dka Trava (Achillea millefolium):<\/strong><\/b><span> Tradicionalno se koristi za pobolj\u0161anje funkcije jetre i digestivnog sistema. Poma\u017ee u regeneraciji jetre o\u0161te\u0107ene alkoholom i podsti\u010de izlu\u010divanje toksina.<\/span><\/li>\n<li value=\"5\" class=\"text-body font-regular leading-[24px] my-[5px] [&amp;&gt;ol]:!pt-0 [&amp;&gt;ol]:!pb-0 [&amp;&gt;ul]:!pt-0 [&amp;&gt;ul]:!pb-0\" dir=\"ltr\"><b><strong class=\"font-semibold\">Timijan (Thymus vulgaris):<\/strong><\/b><span> Sli\u010dno maj\u010dinoj du\u0161ici, timijan ima sna\u017ena antioksidativna svojstva koja poma\u017eu u ja\u010danju imuniteta i \u010di\u0161\u0107enju tela.<\/span><\/li>\n<\/ul>\n<h2 class=\"font-semibold pdf-heading-class-replace text-h3 leading-[40px] pb-xxs [&amp;:not(:first-child)]:pt-[21px] [&amp;_a]:underline-offset-[6px] [&amp;_.underline]:underline-offset-[6px]\" dir=\"ltr\"><span>Altea &#8211; Prednosti i rezultati<\/span><\/h2>\n<p class=\"text-body font-regular leading-[24px] pt-[9px] pb-xxs\" dir=\"ltr\"><span>Redovnom upotrebom Altea \u010daja, korisnici mogu o\u010dekivati niz pozitivnih rezultata:<\/span><\/p>\n<ul class=\"pt-[9px] pb-xxs pl-5xl list-disc pt-[5px]\">\n<li value=\"1\" class=\"text-body font-regular leading-[24px] my-[5px] [&amp;&gt;ol]:!pt-0 [&amp;&gt;ol]:!pb-0 [&amp;&gt;ul]:!pt-0 [&amp;&gt;ul]:!pb-0\" dir=\"ltr\"><b><strong class=\"font-semibold\">Smanjena \u017eelja za alkoholom:<\/strong><\/b><span> Jedan od primarnih ciljeva je postepeno smanjenje i kona\u010dni nestanak \u017eudnje za pi\u0107em.<\/span><\/li>\n<li value=\"2\" class=\"text-body font-regular leading-[24px] my-[5px] [&amp;&gt;ol]:!pt-0 [&amp;&gt;ol]:!pb-0 [&amp;&gt;ul]:!pt-0 [&amp;&gt;ul]:!pb-0\" dir=\"ltr\"><b><strong class=\"font-semibold\">Detoksikacija organizma:<\/strong><\/b><span> \u010caj aktivno poma\u017ee u eliminaciji \u0161tetnih materija i regeneraciji organa, pre svega jetre.<\/span><\/li>\n<li value=\"3\" class=\"text-body font-regular leading-[24px] my-[5px] [&amp;&gt;ol]:!pt-0 [&amp;&gt;ol]:!pb-0 [&amp;&gt;ul]:!pt-0 [&amp;&gt;ul]:!pb-0\" dir=\"ltr\"><b><strong class=\"font-semibold\">Ubla\u017eavanje simptoma odvikavanja:<\/strong><\/b><span> Smanjuje nervozu, anksioznost, drhtavicu i nesanicu, \u010dine\u0107i proces odvikavanja lak\u0161im.<\/span><\/li>\n<li value=\"4\" class=\"text-body font-regular leading-[24px] my-[5px] [&amp;&gt;ol]:!pt-0 [&amp;&gt;ol]:!pb-0 [&amp;&gt;ul]:!pt-0 [&amp;&gt;ul]:!pb-0\" dir=\"ltr\"><b><strong class=\"font-semibold\">Pobolj\u0161anje op\u0161teg zdravstvenog stanja:<\/strong><\/b><span> Korisnici \u010desto prijavljuju vi\u0161e energije, bolji san, pobolj\u0161ano varenje i ja\u010di imunitet.<\/span><\/li>\n<li value=\"5\" class=\"text-body font-regular leading-[24px] my-[5px] [&amp;&gt;ol]:!pt-0 [&amp;&gt;ol]:!pb-0 [&amp;&gt;ul]:!pt-0 [&amp;&gt;ul]:!pb-0\" dir=\"ltr\"><b><strong class=\"font-semibold\">Mentalna bistrina i stabilnost:<\/strong><\/b><span> Zahvaljuju\u0107i umiruju\u0107em dejstvu na nervni sistem, \u010daj doprinosi boljem raspolo\u017eenju i mentalnoj ravnote\u017ei.<\/span><\/li>\n<\/ul>\n<h2 class=\"font-semibold pdf-heading-class-replace text-h3 leading-[40px] pb-xxs [&amp;:not(:first-child)]:pt-[21px] [&amp;_a]:underline-offset-[6px] [&amp;_.underline]:underline-offset-[6px]\" dir=\"ltr\"><span>Gde kupiti Altea u Srbiji? Apoteka, DM, Lilly<\/span><\/h2>\n<p class=\"text-body font-regular leading-[24px] pt-[9px] pb-xxs\" dir=\"ltr\"><span>Va\u017eno je napomenuti da <\/span><b><strong class=\"font-semibold\">Altea \u010daj nije dostupan u apotekama, DM ili Lilly prodavnicama<\/strong><\/b><span>. Proizvo\u0111a\u010d se odlu\u010dio za direktan model prodaje kako bi osigurao autenti\u010dnost proizvoda i spre\u010dio pojavu falsifikata na tr\u017ei\u0161tu. Ovakav pristup omogu\u0107ava potpunu kontrolu nad kvalitetom i distribucijom, garantuju\u0107i da svaki kupac dobije originalan i efikasan proizvod.<\/span><\/p>\n<p class=\"text-body font-regular leading-[24px] pt-[9px] pb-xxs\" dir=\"ltr\"><span>Altea \u010daj se mo\u017ee poru\u010diti isklju\u010divo putem zvani\u010dne internet stranice proizvo\u0111a\u010da. Proces poru\u010divanja je jednostavan, diskretan i bezbedan.<\/span><\/p>\n<h2 class=\"font-semibold pdf-heading-class-replace text-h3 leading-[40px] pb-xxs [&amp;:not(:first-child)]:pt-[21px] [&amp;_a]:underline-offset-[6px] [&amp;_.underline]:underline-offset-[6px]\" dir=\"ltr\"><span>Koliko ko\u0161ta Altea? Cena<\/span><\/h2>\n<p class=\"text-body font-regular leading-[24px] pt-[9px] pb-xxs\" dir=\"ltr\"><span>Standardna cena Altea \u010daja iznosi 7400 dinara. Me\u0111utim, proizvo\u0111a\u010d \u010desto nudi promotivne akcije, tokom kojih je cena sni\u017eena za 50%. U tom slu\u010daju, jedno pakovanje <\/span><b><strong class=\"font-semibold\">Altea \u010daja ko\u0161ta 3700 dinara<\/strong><\/b><span>. Preporu\u010duje se redovno proveravanje zvani\u010dne stranice kako biste iskoristili ove popuste.<\/span><\/p>\n<h2 class=\"font-semibold pdf-heading-class-replace text-h3 leading-[40px] pb-xxs [&amp;:not(:first-child)]:pt-[21px] [&amp;_a]:underline-offset-[6px] [&amp;_.underline]:underline-offset-[6px]\" dir=\"ltr\"><span>Kako se koristi Altea? Uputstvo za upotrebu<\/span><\/h2>\n<p class=\"text-body font-regular leading-[24px] pt-[9px] pb-xxs\" dir=\"ltr\"><span>Za postizanje najboljih rezultata, va\u017eno je pridr\u017eavati se uputstva za upotrebu.<\/span><\/p>\n<ol class=\"pt-[9px] pb-xxs pl-5xl list-decimal\">\n<li value=\"1\" class=\"text-body font-regular leading-[24px] my-[5px] [&amp;&gt;ol]:!pt-0 [&amp;&gt;ol]:!pb-0 [&amp;&gt;ul]:!pt-0 [&amp;&gt;ul]:!pb-0\" dir=\"ltr\"><span>Jednu supenu ka\u0161iku \u010dajne me\u0161avine prelijte sa 200 ml klju\u010dale vode.<\/span><\/li>\n<li value=\"2\" class=\"text-body font-regular leading-[24px] my-[5px] [&amp;&gt;ol]:!pt-0 [&amp;&gt;ol]:!pb-0 [&amp;&gt;ul]:!pt-0 [&amp;&gt;ul]:!pb-0\" dir=\"ltr\"><span>Ostavite da odstoji poklopljeno 15-20 minuta.<\/span><\/li>\n<li value=\"3\" class=\"text-body font-regular leading-[24px] my-[5px] [&amp;&gt;ol]:!pt-0 [&amp;&gt;ol]:!pb-0 [&amp;&gt;ul]:!pt-0 [&amp;&gt;ul]:!pb-0\" dir=\"ltr\"><span>Procedite \u010daj.<\/span><\/li>\n<li value=\"4\" class=\"text-body font-regular leading-[24px] my-[5px] [&amp;&gt;ol]:!pt-0 [&amp;&gt;ol]:!pb-0 [&amp;&gt;ul]:!pt-0 [&amp;&gt;ul]:!pb-0\" dir=\"ltr\"><span>Pijte sve\u017ee pripremljen napitak dva do tri puta dnevno, pre obroka.<\/span><\/li>\n<\/ol>\n<p class=\"text-body font-regular leading-[24px] pt-[9px] pb-xxs\" dir=\"ltr\"><span>Za potpuni efekat, preporu\u010duje se kontinuirana upotreba u periodu od najmanje 30 dana.<\/span><\/p>\n<h2 class=\"font-semibold pdf-heading-class-replace text-h3 leading-[40px] pb-xxs [&amp;:not(:first-child)]:pt-[21px] [&amp;_a]:underline-offset-[6px] [&amp;_.underline]:underline-offset-[6px]\" dir=\"ltr\"><span>Altea &#8211; Kontraindikacije i ne\u017eeljeni efekti<\/span><\/h2>\n<p class=\"text-body font-regular leading-[24px] pt-[9px] pb-xxs\" dir=\"ltr\"><span>Altea \u010daj je baziran na prirodnim sastojcima i generalno se dobro podnosi. Ne\u017eeljeni efekti su retki i obi\u010dno blagi. Ipak, osobe koje su alergi\u010dne na bilo koji od navedenih sastojaka ne bi trebalo da koriste ovaj proizvod. Trudnicama, dojiljama i osobama sa te\u0161kim hroni\u010dnim oboljenjima preporu\u010duje se konsultacija sa lekarom pre po\u010detka upotrebe.<\/span><\/p>\n","protected":false},"excerpt":{"rendered":"<p>Altea je biljni \u010daj protiv zavisnosti od alkohola. To nije lek u klasi\u010dnom smislu, ve\u0107 dijetetski suplement u vidu \u010dajne me\u0161avine. Njegova svrha je da, kroz sinergiju prirodnih sastojaka, stvori averziju prema alkoholu, smanji \u017eudnju i pomogne telu da se oporavi od negativnih posledica dugotrajne konzumacije. Namenjen je svima koji [&hellip;]<\/p>\n","protected":false},"featured_media":112,"template":"","meta":{"iawp_total_views":154},"product_brand":[],"product_cat":[17],"product_tag":[],"class_list":{"0":"post-111","1":"product","2":"type-product","3":"status-publish","4":"has-post-thumbnail","6":"product_cat-17","8":"first","9":"instock","10":"sale","11":"shipping-taxable","12":"purchasable","13":"product-type-simple"},"yoast_head":"<!-- This site is optimized with the Yoast SEO plugin v27.6 - https:\/\/yoast.com\/product\/yoast-seo-wordpress\/ -->\n<title>Altea - Online Shop Srbija<\/title>\n<meta name=\"robots\" content=\"index, follow, max-snippet:-1, max-image-preview:large, max-video-preview:-1\" \/>\n<link rel=\"canonical\" href=\"https:\/\/www.laboratorijapaster.rs\/shop\/\u043f\u0440\u043e\u0438\u0437\u0432\u043e\u0434\/altea\/\" \/>\n<meta property=\"og:locale\" content=\"sr_RS\" \/>\n<meta property=\"og:type\" content=\"article\" \/>\n<meta property=\"og:title\" content=\"Altea - Online Shop Srbija\" \/>\n<meta property=\"og:description\" content=\"Altea je biljni \u010daj protiv zavisnosti od alkohola. To nije lek u klasi\u010dnom smislu, ve\u0107 dijetetski suplement u vidu \u010dajne me\u0161avine. Njegova svrha je da, kroz sinergiju prirodnih sastojaka, stvori averziju prema alkoholu, smanji \u017eudnju i pomogne telu da se oporavi od negativnih posledica dugotrajne konzumacije. Namenjen je svima koji [&hellip;]\" \/>\n<meta property=\"og:url\" content=\"https:\/\/www.laboratorijapaster.rs\/shop\/\u043f\u0440\u043e\u0438\u0437\u0432\u043e\u0434\/altea\/\" \/>\n<meta property=\"og:site_name\" content=\"Online Shop Srbija\" \/>\n<meta property=\"og:image\" content=\"http:\/\/www.laboratorijapaster.rs\/shop\/wp-content\/uploads\/2025\/10\/altea.jpg\" \/>\n\t<meta property=\"og:image:width\" content=\"250\" \/>\n\t<meta property=\"og:image:height\" content=\"300\" \/>\n\t<meta property=\"og:image:type\" content=\"image\/jpeg\" \/>\n<meta name=\"twitter:card\" content=\"summary_large_image\" \/>\n<meta name=\"twitter:label1\" content=\"\u041f\u0440\u043e\u0446\u0435\u045a\u0435\u043d\u043e \u0432\u0440\u0435\u043c\u0435 \u0447\u0438\u0442\u0430\u045a\u0430\" \/>\n\t<meta name=\"twitter:data1\" content=\"5 \u043c\u0438\u043d\u0443\u0442\u0430\" \/>\n<script type=\"application\/ld+json\" class=\"yoast-schema-graph\">{\"@context\":\"https:\\\/\\\/schema.org\",\"@graph\":[{\"@type\":\"WebPage\",\"@id\":\"https:\\\/\\\/www.laboratorijapaster.rs\\\/shop\\\/\u043f\u0440\u043e\u0438\u0437\u0432\u043e\u0434\\\/altea\\\/\",\"url\":\"https:\\\/\\\/www.laboratorijapaster.rs\\\/shop\\\/\u043f\u0440\u043e\u0438\u0437\u0432\u043e\u0434\\\/altea\\\/\",\"name\":\"Altea - Online Shop Srbija\",\"isPartOf\":{\"@id\":\"https:\\\/\\\/www.laboratorijapaster.rs\\\/shop\\\/#website\"},\"primaryImageOfPage\":{\"@id\":\"https:\\\/\\\/www.laboratorijapaster.rs\\\/shop\\\/\u043f\u0440\u043e\u0438\u0437\u0432\u043e\u0434\\\/altea\\\/#primaryimage\"},\"image\":{\"@id\":\"https:\\\/\\\/www.laboratorijapaster.rs\\\/shop\\\/\u043f\u0440\u043e\u0438\u0437\u0432\u043e\u0434\\\/altea\\\/#primaryimage\"},\"thumbnailUrl\":\"https:\\\/\\\/www.laboratorijapaster.rs\\\/shop\\\/wp-content\\\/uploads\\\/2025\\\/10\\\/altea.jpg\",\"datePublished\":\"2025-10-08T15:57:48+00:00\",\"breadcrumb\":{\"@id\":\"https:\\\/\\\/www.laboratorijapaster.rs\\\/shop\\\/\u043f\u0440\u043e\u0438\u0437\u0432\u043e\u0434\\\/altea\\\/#breadcrumb\"},\"inLanguage\":\"sr-RS\",\"potentialAction\":[{\"@type\":\"ReadAction\",\"target\":[\"https:\\\/\\\/www.laboratorijapaster.rs\\\/shop\\\/\u043f\u0440\u043e\u0438\u0437\u0432\u043e\u0434\\\/altea\\\/\"]}]},{\"@type\":\"ImageObject\",\"inLanguage\":\"sr-RS\",\"@id\":\"https:\\\/\\\/www.laboratorijapaster.rs\\\/shop\\\/\u043f\u0440\u043e\u0438\u0437\u0432\u043e\u0434\\\/altea\\\/#primaryimage\",\"url\":\"https:\\\/\\\/www.laboratorijapaster.rs\\\/shop\\\/wp-content\\\/uploads\\\/2025\\\/10\\\/altea.jpg\",\"contentUrl\":\"https:\\\/\\\/www.laboratorijapaster.rs\\\/shop\\\/wp-content\\\/uploads\\\/2025\\\/10\\\/altea.jpg\",\"width\":250,\"height\":300,\"caption\":\"altea\"},{\"@type\":\"BreadcrumbList\",\"@id\":\"https:\\\/\\\/www.laboratorijapaster.rs\\\/shop\\\/\u043f\u0440\u043e\u0438\u0437\u0432\u043e\u0434\\\/altea\\\/#breadcrumb\",\"itemListElement\":[{\"@type\":\"ListItem\",\"position\":1,\"name\":\"\u041f\u043e\u0447\u0435\u0442\u043d\u0430\",\"item\":\"https:\\\/\\\/www.laboratorijapaster.rs\\\/shop\\\/\"},{\"@type\":\"ListItem\",\"position\":2,\"name\":\"\u041f\u0440\u043e\u0434\u0430\u0432\u043d\u0438\u0446\u0430\",\"item\":\"https:\\\/\\\/www.laboratorijapaster.rs\\\/shop\\\/\"},{\"@type\":\"ListItem\",\"position\":3,\"name\":\"Altea\"}]},{\"@type\":\"WebSite\",\"@id\":\"https:\\\/\\\/www.laboratorijapaster.rs\\\/shop\\\/#website\",\"url\":\"https:\\\/\\\/www.laboratorijapaster.rs\\\/shop\\\/\",\"name\":\"Online Shop Srbija\",\"description\":\"\",\"potentialAction\":[{\"@type\":\"SearchAction\",\"target\":{\"@type\":\"EntryPoint\",\"urlTemplate\":\"https:\\\/\\\/www.laboratorijapaster.rs\\\/shop\\\/?s={search_term_string}\"},\"query-input\":{\"@type\":\"PropertyValueSpecification\",\"valueRequired\":true,\"valueName\":\"search_term_string\"}}],\"inLanguage\":\"sr-RS\"}]}<\/script>\n<!-- \/ Yoast SEO plugin. -->","yoast_head_json":{"title":"Altea - Online Shop Srbija","robots":{"index":"index","follow":"follow","max-snippet":"max-snippet:-1","max-image-preview":"max-image-preview:large","max-video-preview":"max-video-preview:-1"},"canonical":"https:\/\/www.laboratorijapaster.rs\/shop\/\u043f\u0440\u043e\u0438\u0437\u0432\u043e\u0434\/altea\/","og_locale":"sr_RS","og_type":"article","og_title":"Altea - Online Shop Srbija","og_description":"Altea je biljni \u010daj protiv zavisnosti od alkohola. To nije lek u klasi\u010dnom smislu, ve\u0107 dijetetski suplement u vidu \u010dajne me\u0161avine. Njegova svrha je da, kroz sinergiju prirodnih sastojaka, stvori averziju prema alkoholu, smanji \u017eudnju i pomogne telu da se oporavi od negativnih posledica dugotrajne konzumacije. Namenjen je svima koji [&hellip;]","og_url":"https:\/\/www.laboratorijapaster.rs\/shop\/\u043f\u0440\u043e\u0438\u0437\u0432\u043e\u0434\/altea\/","og_site_name":"Online Shop Srbija","og_image":[{"width":250,"height":300,"url":"http:\/\/www.laboratorijapaster.rs\/shop\/wp-content\/uploads\/2025\/10\/altea.jpg","type":"image\/jpeg"}],"twitter_card":"summary_large_image","twitter_misc":{"\u041f\u0440\u043e\u0446\u0435\u045a\u0435\u043d\u043e \u0432\u0440\u0435\u043c\u0435 \u0447\u0438\u0442\u0430\u045a\u0430":"5 \u043c\u0438\u043d\u0443\u0442\u0430"},"schema":{"@context":"https:\/\/schema.org","@graph":[{"@type":"WebPage","@id":"https:\/\/www.laboratorijapaster.rs\/shop\/\u043f\u0440\u043e\u0438\u0437\u0432\u043e\u0434\/altea\/","url":"https:\/\/www.laboratorijapaster.rs\/shop\/\u043f\u0440\u043e\u0438\u0437\u0432\u043e\u0434\/altea\/","name":"Altea - Online Shop Srbija","isPartOf":{"@id":"https:\/\/www.laboratorijapaster.rs\/shop\/#website"},"primaryImageOfPage":{"@id":"https:\/\/www.laboratorijapaster.rs\/shop\/\u043f\u0440\u043e\u0438\u0437\u0432\u043e\u0434\/altea\/#primaryimage"},"image":{"@id":"https:\/\/www.laboratorijapaster.rs\/shop\/\u043f\u0440\u043e\u0438\u0437\u0432\u043e\u0434\/altea\/#primaryimage"},"thumbnailUrl":"https:\/\/www.laboratorijapaster.rs\/shop\/wp-content\/uploads\/2025\/10\/altea.jpg","datePublished":"2025-10-08T15:57:48+00:00","breadcrumb":{"@id":"https:\/\/www.laboratorijapaster.rs\/shop\/\u043f\u0440\u043e\u0438\u0437\u0432\u043e\u0434\/altea\/#breadcrumb"},"inLanguage":"sr-RS","potentialAction":[{"@type":"ReadAction","target":["https:\/\/www.laboratorijapaster.rs\/shop\/\u043f\u0440\u043e\u0438\u0437\u0432\u043e\u0434\/altea\/"]}]},{"@type":"ImageObject","inLanguage":"sr-RS","@id":"https:\/\/www.laboratorijapaster.rs\/shop\/\u043f\u0440\u043e\u0438\u0437\u0432\u043e\u0434\/altea\/#primaryimage","url":"https:\/\/www.laboratorijapaster.rs\/shop\/wp-content\/uploads\/2025\/10\/altea.jpg","contentUrl":"https:\/\/www.laboratorijapaster.rs\/shop\/wp-content\/uploads\/2025\/10\/altea.jpg","width":250,"height":300,"caption":"altea"},{"@type":"BreadcrumbList","@id":"https:\/\/www.laboratorijapaster.rs\/shop\/\u043f\u0440\u043e\u0438\u0437\u0432\u043e\u0434\/altea\/#breadcrumb","itemListElement":[{"@type":"ListItem","position":1,"name":"\u041f\u043e\u0447\u0435\u0442\u043d\u0430","item":"https:\/\/www.laboratorijapaster.rs\/shop\/"},{"@type":"ListItem","position":2,"name":"\u041f\u0440\u043e\u0434\u0430\u0432\u043d\u0438\u0446\u0430","item":"https:\/\/www.laboratorijapaster.rs\/shop\/"},{"@type":"ListItem","position":3,"name":"Altea"}]},{"@type":"WebSite","@id":"https:\/\/www.laboratorijapaster.rs\/shop\/#website","url":"https:\/\/www.laboratorijapaster.rs\/shop\/","name":"Online Shop Srbija","description":"","potentialAction":[{"@type":"SearchAction","target":{"@type":"EntryPoint","urlTemplate":"https:\/\/www.laboratorijapaster.rs\/shop\/?s={search_term_string}"},"query-input":{"@type":"PropertyValueSpecification","valueRequired":true,"valueName":"search_term_string"}}],"inLanguage":"sr-RS"}]}},"_links":{"self":[{"href":"https:\/\/www.laboratorijapaster.rs\/shop\/wp-json\/wp\/v2\/product\/111","targetHints":{"allow":["GET"]}}],"collection":[{"href":"https:\/\/www.laboratorijapaster.rs\/shop\/wp-json\/wp\/v2\/product"}],"about":[{"href":"https:\/\/www.laboratorijapaster.rs\/shop\/wp-json\/wp\/v2\/types\/product"}],"wp:featuredmedia":[{"embeddable":true,"href":"https:\/\/www.laboratorijapaster.rs\/shop\/wp-json\/wp\/v2\/media\/112"}],"wp:attachment":[{"href":"https:\/\/www.laboratorijapaster.rs\/shop\/wp-json\/wp\/v2\/media?parent=111"}],"wp:term":[{"taxonomy":"product_brand","embeddable":true,"href":"https:\/\/www.laboratorijapaster.rs\/shop\/wp-json\/wp\/v2\/product_brand?post=111"},{"taxonomy":"product_cat","embeddable":true,"href":"https:\/\/www.laboratorijapaster.rs\/shop\/wp-json\/wp\/v2\/product_cat?post=111"},{"taxonomy":"product_tag","embeddable":true,"href":"https:\/\/www.laboratorijapaster.rs\/shop\/wp-json\/wp\/v2\/product_tag?post=111"}],"curies":[{"name":"wp","href":"https:\/\/api.w.org\/{rel}","templated":true}]}}